t common divisor of 506 and i?
46
Let n be (-1 + 10/4)/((-90)/(-4320)). Let f be -20*(n/(-20))/1. Calculate the greatest common divisor of 312 and f.
24
Let k = 1127 - -581. What is the highest common factor of k and 224?
28
Let r(j) = -46*j + 9. Let f be r(-8). Let k = 1895 + -1882. Calculate the greatest common divisor of f and k.
13
Let m = -2 - -2. Let v be (156/8 - -3)*140/30. Suppose -w + 4*w - v = m. Calculate the greatest common factor of 35 and w.
35
Let h be 2/(-15) - ((-3620)/(-75))/(-2). What is the greatest common factor of 872 and h?
8
Suppose 9900 = 2*m + 3*o, 562*m - 564*m + 5*o = -9852. What is the greatest common divisor of 243 and m?
81
Let g = -46 + 86. Let k be (-520)/(-6) - (161/21 - 7). Let a = g + k. What is the highest common factor of 14 and a?
14
Let g(l) = -10 - 12*l - 15*l**2 + 7*l**2 - 1 + 7*l**2 - 4*l. Let d = 7 + -20. Let a be g(d). Calculate the highest common divisor of a and 42.
14
Suppose -108*w + 12*w = -9792. Calculate the greatest common factor of w and 1768.
34
Let h(u) = u**3 - 30*u**2 - 44*u - 565. Let d be h(32). What is the highest common divisor of 525 and d?
75
Let s be 191/8 + (1/8)/1. Suppose 0 = j - 5*f + f - 8, -3*j + 4*f + s = 0. Let v be -2*((-39)/3 - 3). What is the greatest common factor of j and v?
8
Let b be (-3)/(-9) + 214/6. Let d = -411 + 172. Let q = d - -311. Calculate the greatest common factor of q and b.
36
Suppose 67 = -3*c + 79, -y + 20 = -3*c. What is the highest common divisor of 32 and y?
32
Let r = 380 - 380. Suppose o - 5 = r, -13*u + 319 = -9*u - o. What is the greatest common factor of u and 54?
27
Suppose -7*t - s = -8*t + 11916, 2*t = -s + 23847. Calculate the greatest common divisor of 91 and t.
91
Let n(q) = 7*q - 3. Let m be n(3). Let p = 228 - 226. Suppose 0 = 5*l + 2*t - 137, -2*l + p*t = -t - 51. Calculate the greatest common factor of m and l.
9
Let o = 436 + -433. Suppose -g = 2, -o*g + 224 = 15*k - 10*k. Suppose 4*y = -4*j - 3 + 95, 2*y - 2*j = 46. What is the highest common divisor of y and k?
23
Suppose -t - 2 = -5*k - 507, k - 1978 = -4*t. What is the highest common divisor of t and 66?
33
Let v(w) = -3*w**2 + 23*w - 10. Let j be v(7). Suppose 10*b - 490 = -j*b. What is the greatest common factor of b and 35?
35
Suppose -22*q + 32*q = 15760. Calculate the highest common factor of q and 8.
8
Suppose 2*a - 112 = 3*p - 8*p, 0 = -4*a - 3*p + 252. Let y be 15 - (-24 - -11) - -5*1. What is the greatest common divisor of a and y?
33
Let p(h) = -h**2 + 4*h + 7. Let a be p(5). Let u = -14107 - -14124. What is the highest common divisor of u and a?
1
Let l(c) = -c**3 + 7*c**2 - 8*c + 25. Let x be l(6). Suppose 0 = 21*j - 2354 - 5017. Calculate the highest common divisor of j and x.
13
Let t be 405 + (14 - 31) - -3. What is the greatest common factor of 221 and t?
17
Let l be 29 + -32*9/(-18). Calculate the greatest common factor of l and 2511.
9
Let h(s) = 7*s + 268. Let a be h(3). What is the greatest common divisor of 272 and a?
17
Let z = 4699 + -4463. What is the greatest common divisor of z and 7552?
236
Suppose 7*y = 2*y + 20. Suppose -m = 2*a - 241, -y*m + m + 485 = 4*a. Suppose 9*p - 718 = a. What is the greatest common divisor of 31 and p?
31
Let w(y) = 37*y + 132. Let b be w(24). What is the greatest common factor of b and 150?
30
Let h = -3094 - -4326. What is the highest common divisor of 1936 and h?
176
Suppose 59*u - 1388 = 1201 + 420. What is the greatest common factor of 4165 and u?
17
Let y = 52 - 10. Let p = 5436 + -5394. Calculate the greatest common factor of p and y.
42
Let l(o) = -194 + 183 - 3*o + 2*o. Let x be l(-8). Let m = 5 + x. What is the highest common factor of m and 22?
2
Let x = -3778 - -3826. Calculate the highest common factor of 560 and x.
16
Suppose 2*u = -5*k - 6, -u + 3*k + 20 - 1 = 0. What is the greatest common divisor of u and 4375?
7
Suppose -2*u - 88 = -5*a, 36 - 76 = -3*a + 2*u. Suppose 0*m + 2*m = -s + 180, 0 = 3*m - s - 260. What is the highest common divisor of m and a?
8
Let q be (-2)/(((-4)/(-10))/((-7)/5)). Suppose 0 = 2*i - q - 9. Suppose 3*w + i = 4*w. What is the highest common divisor of 2 and w?
2
Suppose 8*d - 3*d - 127103 = -2*s, -2*d + 50838 = 4*s. Calculate the greatest common divisor of 11 and d.
11
Let x be 2/3 + (-95)/(-15). Suppose -4*d = 2*o - 364, -283 = 4*o - 3*d - 1055. Suppose -174 = -13*u + o. What is the highest common factor of u and x?
7
Let o(j) = -j**3 + 6*j**2 - 3*j + 8. Let h be o(0). What is the highest common factor of h and 1432?
8
Let v(g) = 10*g - 57. Let w be v(7). Suppose 0 = r - 2 - 2. Suppose 44 = r*j - 216. Calculate the highest common factor of j and w.
13
Suppose 25*o - 31906 = 102494. What is the highest common factor of 63 and o?
21
Let i be (-2)/(6/39) + (-5 - -9). Let u be (-16)/i + 42/189. What is the greatest common factor of 6 and u?
2
Suppose -2*w + 24 = 4*w. Let j be (0 - 78/w)*28/21. Let u = -17 - j. What is the highest common divisor of u and 45?
9
Suppose -5*u + 35 = -150. Let p be u + 4 + 1/1. Let q = -21 + p. Calculate the greatest common factor of 168 and q.
21
Suppose -1133 - 227 = -17*h. Calculate the greatest common divisor of h and 15160.
40
Suppose -5*x + 5*z - 280 = 0, 15 + 85 = -2*x - z. Let f be 4/7 + x/91. Suppose -a + 7*a - 66 = f. Calculate the highest common factor of a and 143.
11
Let p be ((-14)/6 - 1)*-6. Let s(b) = 2*b**3 - 36*b**2 + 113*b - 125. Let z be s(15). Calculate the greatest common factor of p and z.
20
Let u(a) = -90*a - 170. Let i be u(-5). Let q = 620 - i. Calculate the greatest common factor of 20 and q.
20
Let y = -3204 - -3404. Calculate the highest common divisor of 40 and y.
40
Suppose 8*q - 10 = 22. Suppose 61 = q*d - 0*d + 3*i, -d = 5*i - 11. What is the highest common factor of d and 72?
8
Suppose 6*d - 8*d + 198 = 4*u, 5*d + 25 = 0. Let h be (24/(-5))/((-30)/1300). What is the highest common factor of u and h?
52
Suppose -443 + 773 + 2770 = 10*s. What is the greatest common divisor of s and 1178?
62
Let j = -78920 - -78952. Suppose -3*k = 2*k - 5*m - 165, -5*k - 3*m = -157. What is the highest common divisor of k and j?
32
Let v be (-4)/10 - (-22)/5. Let c = -143 - -142. Let w be 6/(-12)*-8 + (-24)/c. Calculate the greatest common divisor of v and w.
4
Suppose -6*q = -34 + 10. Suppose 4 = 2*k - 2, 0 = -q*w + k + 381. What is the highest common factor of 240 and w?
48
Suppose 76 = 4*g + v, g - 5 = v + 9. Let a(l) = -16*l + 622. Let y be a(31). What is the highest common factor of g and y?
18
Let r(u) = u**3 - 45*u**2 + 52*u - 262. Let s be r(44). Let d be (5/2)/(2/168). What is the greatest common divisor of s and d?
30
Let s be 10/(-8) - 318084/(-208). Suppose 2894 = 33*g - s. Calculate the greatest common factor of 201 and g.
67
Let a(r) = 25*r**2 - 49*r + 2. Let h be a(2). Suppose o + 10 = -5*b, -2*o - h*b + 5 = 1. What is the highest common factor of o and 28?
2
Let g = 7006 + -5614. Calculate the highest common factor of g and 240.
48
Let g = -6569 + 6695. What is the greatest common divisor of g and 72?
18
Let h(s) = -37*s - 52. Let l be h(-8). Let f = l + -242. Calculate the greatest common divisor of 64 and f.
2
Suppose -9*g + 20*g - 139876 = 0. Let n be 1/(-2) - g/(-88). Suppose -3*i - p + 3*p + 38 = 0, 0 = -3*p - 3. Calculate the highest common factor of i and n.
12
Suppose 230*w - 21924 = -2*o + 227*w, -54848 = -5*o + 2*w. What is the highest common divisor of 96 and o?
24
Let i be (-94)/(-1551) + 986/66. Suppose g - 2*f - 731 = 0, 0 = -g - f + 6*f + 725. What is the greatest common divisor of g and i?
15
Let b = -52 - -145. Suppose -27 = -f + b. Calculate the greatest common factor of f and 15.
15
Let y = 270 + -255. Let x be -2 + 16/6 + 815/y. What is the highest common factor of x and 15?
5
Suppose -g + 0*g = -29. Let v(n) = 0*n + 6 + 1 + 1 - n - 5*n. Let j be v(-18). What is the greatest common factor of g and j?
29
Suppose 0 = 3*f + 5*o - 1423 - 1002, 3*o = -2*f + 1617. Suppose -14*y + f = -9*y. Calculate the highest common divisor of y and 18.
18
Let n = 10644 - 10634. Let h be (-2)/(-5) + 678/5. Let g = -96 + h. What is the highest common divisor of g and n?
10
Let c(z) = z**2 - 5*z - 12. Let f be c(7). Let w be 1 + (0 - f - -37). Let g = w + -7. Calculate the greatest common divisor of g and 116.
29
Let l 